032?
3
What is the hundreds digit of 103059?
0
What is the ten thousands digit of 30726?
3
What is the ten thousands digit of 30592?
3
What is the hundreds digit of 1934?
9
What is the thousands digit of 36092?
6
What is the units digit of 2500?
0
What is the units digit of 256?
6
What is the thousands digit of 16551?
6
What is the units digit of 3188?
8
What is the units digit of 1533?
3
What is the units digit of 959?
9
What is the hundreds digit of 534?
5
What is the thousands digit of 3293?
3
What is the units digit of 7082?
2
What is the tens digit of 985?
8
What is the units digit of 1854?
4
What is the thousands digit of 25242?
5
What is the tens digit of 3738?
3
What is the tens digit of 1736?
3
What is the thousands digit of 15376?
5
What is the units digit of 8889?
9
What is the hundreds digit of 3292?
2
What is the units digit of 10967?
7
What is the ten thousands digit of 15643?
1
What is the tens digit of 58816?
1
What is the hundreds digit of 1227?
2
What is the units digit of 5516?
6
What is the units digit of 384?
4
What is the units digit of 11571?
1
What is the thousands digit of 9354?
9
What is the hundreds digit of 477?
4
What is the thousands digit of 67351?
7
What is the hundreds digit of 7077?
0
What is the thousands digit of 8960?
8
What is the thousands digit of 10677?
0
What is the units digit of 30669?
9
What is the thousands digit of 1208?
1
What is the hundreds digit of 123900?
9
What is the hundred thousands digit of 106102?
1
What is the thousands digit of 1736?
1
What is the hundreds digit of 35796?
7
What is the tens digit of 22269?
6
What is the units digit of 8?
8
What is the units digit of 313?
3
What is the ten thousands digit of 29784?
2
What is the tens digit of 3661?
6
What is the thousands digit of 2728?
2
What is the tens digit of 11549?
4
What is the units digit of 7312?
2
What is the ten thousands digit of 11802?
1
What is the hundreds digit of 3793?
7
What is the hundreds digit of 33566?
5
What is the tens digit of 145?
4
What is the tens digit of 1008?
0
What is the tens digit of 34358?
5
What is the tens digit of 1055?
5
What is the tens digit of 22712?
1
What is the hundreds digit of 2131?
1
What is the thousands digit of 12221?
2
What is the tens digit of 829?
2
What is the tens digit of 16227?
2
What is the hundreds digit of 139?
1
What is the tens digit of 6106?
0
What is the units digit of 3169?
9
What is the units digit of 1264?
4
What is the hundreds digit of 1174?
1
What is the thousands digit of 16237?
6
What is the units digit of 122?
2
What is the thousands digit of 51288?
1
What is the units digit of 13057?
7
What is the units digit of 23654?
4
What is the tens digit of 14825?
2
What is the thousands digit of 2915?
2
What is the hundreds digit of 98427?
4
What is the units digit of 828?
8
What is the thousands digit of 1822?
1
What is the hundreds digit of 331?
3
What is the thousands digit of 1945?
1
What is the hundreds digit of 12956?
9
What is the units digit of 1701?
1
What is the units digit of 1132?
2
What is the units digit of 7472?
2
What is the thousands digit of 3745?
3
What is the ten thousands digit of 12496?
1
What is the thousands digit of 1803?
1
What is the hundreds digit of 1412?
4
What is the tens digit of 35529?
2
What is the tens digit of 16542?
4
What is the thousands digit of 44071?
4
What is the units digit of 2224?
4
What is the thousands digit of 1775?
1
What is the units digit of 19920?
0
What is the thousands digit of 6629?
6
What is the thousands digit of 36824?
6
What is the hundreds digit of 36063?
0
What is the units digit of 84949?
9
What is the thousands digit of 3171?
3
What is the hundreds digit of 1434?
4
What is the units digit of 9761?
1
What is the ten thousands digit of 29076?
2
What is the ten thousands digit of 13506?
1
What is the hundreds digit of 588?
5
What is the thousands digit of 48806?
8
What is the thousands digit of 1489?
1
What is the tens digit of 315?
1
What is the tens digit of 107302?
0
What is the hundreds digit of 69763?
7
What is the hundreds digit of 2732?
7
What is the hundreds digit of 4870?
8
What is the hundreds digit of 4940?
9
What is the hundreds digit of 831?
8
What is the hundreds digit of 397?
3
What is the thousands digit of 23591?
3
What is the units digit of 31378?
8
What is the units digit of 8899?
9
What is the tens digit of 3295?
9
What is the tens digit of 1010?
1
What is the units digit of 2040?
0
What is the hundreds digit of 7559?
5
What is the tens digit of 366?
6
What is the thousands digit of 4270?
4
What is the tens digit of 32800?
0
What is the tens digit of 8726?
2
What is the tens digit of 595?
9
What is the tens digit of 16?
1
What is the units digit of 422?
2
What is the ten thousands digit of 12547?
1
What is the hundreds digit of 33477?
4
What is the tens digit of 65956?
5
What is the tens digit of 7773?
7
What is the units digit of 3663?
3
What is the units digit of 19375?
5
What is the thousands digit of 3141?
3
What is the tens digit of 4250?
5
What is the ten thousands digit of 55384?
5
What is the tens digit of 730?
3
What is the tens digit of 903?
0
What is the tens digit of 1965?
6
What is the units digit of 16204?
4
What is the tens digit of 906?
0
What is the hundreds digit of 19245?
2
What is the units digit of 7484?
4
What is the ten thousands digit of 10786?
1
What is the thousands digit of 4537?
4
What is the tens digit of 72699?
9
What is the units digit of 12771?
1
What is the tens digit of 38308?
0
What is the units digit of 752?
2
What is the tens digit of 68464?
6
What is the tens digit of 863?
6
What is the thousands digit of 1106?
1
What is the thousands digit of 1324?
1
What is the units digit of 977?
7
What is the units digit of 846?
6
What is the tens digit of 1863?
6
What is the units digit of 48968?
8
What is the thousands digit of 7383?
7
What is the units digit of 59448?
8
What is the hundreds digit of 306?
3
What is the hundreds digit of 975?
9
What is the tens digit of 1164?
6
What is the ten thousands digit of 26713?
2
What is the thousands digit of 2160?
2
What is the thousands digit of 22955?
2
What is the units digit of 12456?
6
What is the thousands digit of 56293?
6
What is the tens digit of 24652?
5
What is the hundred thousands digit of 171465?
1
What is the hundreds digit of 3043?
0
What is the thousands digit of 70381?
0
What is the thousands digit of 1268?
1
What is the units digit of 1028?
8
What is the units digit of 15281?
1
What is the units digit of 3900?
0
What is the tens digit of 19698?
9
What is the thousands digit of 8039?
8
What is the tens digit of 8320?
2
What is the thousands digit of 12980?
2
What is the tens digit of 25141?
4
What is the tens digit of 207?
0
What is the thousands digit of 19342?
9
What is the hundreds digit of 1802?
8
What is the tens digit of 4267?
6
What is the units digit of 1660?
0
What is the thousands digit of 54635?
4
What is the thousands digit of 70619?
0
What is the units digit of 1202?
2
What is the units digit of 1290?
0
What is the tens digit of 20326?
2
What is the units digit of 1747?
7
What is the tens digit of 8316?
1
What is the tens digit of 37177?
7
What is the tens digit of 5245?
4
What is the hundreds digit of 17320?
3
What is the units digit of 973?
3
What is the tens digit of 10938?
3
What is the thousands digit of 6888?
6
What is the units digit of 1171?
1
What is the tens digit of 10170?
7
What is the hundreds digit of 1393?
3
What is the hundreds digit of 609?
6
What is the units digit of 842?
2
What is the thousands digit of 3597?
3
What is the hundreds digit of 13712?
7
What is the tens digit of 785?
8
What is the tens digit of 13446?
4
What is the thousands digit of 15492?
5
What is the hundreds digit of 123?
1
What is the units digit of 311?
1
What is the thousands digit of 6770?
6
What is the tens digit of 975?
7
What is the hundreds digit of 5335?
3
What is the units digit of 17996?
6
What is the units digit of 35?
5
What is the hundreds digit of 8576?
5
What is the units digit of 70609?
9
What is the units digit of 1813?
3
What is the tens digit of 33184?
8
What is the thousands digit of 6290?
6
What is the units digit of 86174?
4
What is the hundreds digit of 985?
9
What is the units